-24 - -64. Let o = b + n. What is the units digit of o?
3
Suppose -l = -3*l + 128. Suppose 4*i + 2*b + l = -2*b, -4*b + 80 = -4*i. Let d = i - -43. What is the units digit of d?
5
Let l = 23 - -46. Suppose -l = -j - 2*j. What is the tens digit of j?
2
Let b be (-2)/(-8) + 98/(-8). Let k be ((-1)/(-1))/(b/(-84)). Suppose -k*v = -219 + 65. What is the tens digit of v?
2
Let s(w) = w**3 + 15*w**2 + 6*w - 10. Let v be s(-8). Suppose -4*k + v - 114 = 0. What is the units digit of k?
9
Let p(b) = -b**3 + 7*b**2 + 2*b - 3. Let u be p(7). Let y(z) = z**3 - 11*z**2 - 9. Let r be y(u). Let o = r - -27. What is the tens digit of o?
1
Let f = 1042 - -1742. What is the thousands digit of f?
2
Let v(z) = -53*z + 67. What is the units digit of v(-13)?
6
Let y(z) = -z**2 + z + 1. Suppose 0 = n + 3*t + 4, 5*n = 4*t - 1 - 0. Let d(v) = 5*v**2 + v - 8. Let m(o) = n*d(o) - 6*y(o). What is the tens digit of m(9)?
2
Let v(x) be the first derivative of -x**3/3 - 17*x**2/2 + 6*x + 1. What is the tens digit of v(-14)?
4
Suppose 0 = 4*y - 5*s - 1624, 15*y - 17*y - s + 826 = 0. What is the tens digit of y?
1
Let j = -36 - -11. Let n be 2/9 + 1986/54. Let o = n + j. What is the units digit of o?
2
Let b(f) = 13*f**2 + f - 2. Let x be b(-5). Suppose -6*v - x = -8*v. What is the hundreds digit of v?
1
Suppose 3*h = 11*h. Suppose h = 4*b + 2*m - 290, -3*b + 5*m + 123 = -127. Let r = -43 + b. What is the tens digit of r?
3
Suppose 11 = -j + 4*z - 4, 2*j + z = 15. Suppose 7 + 208 = n + j*x, -x = -4*n + 902. What is the hundreds digit of n?
2
Let z(v) = -3*v**2 + 3*v - 1. Let h be z(1). What is the units digit of h/(-6) - (-4270)/84?
1
Let s(k) = 2*k - 5. Let x be s(4). Suppose 0 = 4*z - 4*c - 92, 86 = 5*z + x*c + 11. What is the tens digit of z?
1
Suppose 57*k = 65*k - 3664. What is the hundreds digit of k?
4
Suppose 6 = -2*g - g. What is the units digit of (-28268)/(-370) - 2/(-10)*g?
6
Let y(l) = -l**3 + 8. Let r be (3/(-1))/(18/24). What is the tens digit of y(r)?
7
Suppose -29*m + 37761 - 8471 = 0. What is the hundreds digit of m?
0
Suppose 4*q - 685 = 3*q. Suppose q - 109 = 8*j. What is the units digit of j?
2
Let u(s) = -5*s**3 - s + 9. Let r be u(5). What is the tens digit of (r/(-54))/((-1)/(-10))?
1
Let n = 38 + -27. Suppose -v = -14 - n. What is the units digit of v?
5
Let j(d) = d**3 - d - 13. Let t be j(0). Let u = 4 + t. What is the tens digit of 3/u - 49/(-3)?
1
Let l = 351 + -95. Suppose -l = -6*h + 320. What is the tens digit of h?
9
Let h = 157 - -54. What is the units digit of h?
1
Suppose -3*l + 164 = 4*t + l, 0 = -2*l + 4. Let g be t/(-2 - (-3 + 2)). Let i = 4 - g. What is the tens digit of i?
4
Suppose 2*v - 395 + 133 = 0. Let w = -69 + v. What is the units digit of w?
2
Let j = 396 - 237. What is the units digit of j?
9
Let l be -4 + 1 - (-4688)/16. Suppose 5*f = -5*s + l, 2*s - 59 = 4*f - 315. What is the tens digit of f?
6
Suppose -771 = 10*q - 13*q. What is the hundreds digit of q?
2
Suppose -5*v + 10936 = 10*i - 11*i, -2*i - 4368 = -2*v. What is the thousands digit of v?
2
Let b(l) be the first derivative of -1 + 10/3*l**3 + 1/4*l**4 + 3*l + 3*l**2. What is the units digit of b(-9)?
0
What is the hundreds digit of 336/(-560) - (-13913)/5?
7
Let o(u) = -u**3 - 7*u**2 + 8*u + 6. Let k be o(-8). Suppose 3*z = -3*g - 21, z + g - 29 = k*z. Let q = z - -12. What is the units digit of q?
6
Suppose 2*a - 7248 = -5*d, -4*a = 2*d - 6*d + 5804. What is the hundreds digit of d?
4
Let a = 15 - 9. Let m be (-20)/(-6) + 4/a. Suppose -46 - 26 = -m*z. What is the tens digit of z?
1
Suppose -r + 672 = 2*o - 588, 1890 = 3*o - 5*r. What is the hundreds digit of o?
6
Suppose 0*t - 48 = -2*t. Suppose -3*q + 10 = 4*m - t, 53 = 5*q + 3*m. Let k = 37 - q. What is the units digit of k?
7
Let n = -360 + 68. Let p = 26 - n. What is the tens digit of p?
1
What is the units digit of ((-7644)/8)/(63/(-84))?
4
Let b = 29 + -20. Let g be 29/b - (-4)/(-18). Suppose 0*u + 4*w + 68 = 3*u, g*w = u - 16. What is the tens digit of u?
2
Let z be -3 + (-3 - (-11)/1). Suppose -2*i = 5*d - 18, i - 4 = z*i. What is the units digit of ((-40)/5)/(d/(-6))?
2
Let x(g) = 16*g**2 - 11*g + 10. What is the tens digit of x(3)?
2
Let p(l) = -l + 9. Let d be p(-7). Suppose -d*h - 154 = -18*h. What is the tens digit of h?
7
Suppose 0 = -7*n + 1 - 1. Suppose -5*x - 3*h = -164 - 245, -3*x - 4*h + 252 = n. What is the tens digit of x?
8
Let x be (0/(-1))/(4/8*-2). Suppose 3*b - 3*m - 54 = 0, 0 = -b + 2*b + 2*m - 12. Let y = b - x. What is the tens digit of y?
1
Suppose 5*s + 30 = -0*s. Let p be (-50)/s - (-1)/(-3). What is the units digit of 126/p - (-1)/4?
6
Suppose 5300 + 21119 = 29*t. What is the hundreds digit of t?
9
Suppose 3*q - 75 - 87 = 0. Suppose -5*l = 21 + q. Let t = l - -37. What is the tens digit of t?
2
Suppose 0 = -4*o + 2*s - 6*s + 20, 2*o - 7 = -s. What is the units digit of (-2 - (o - 3))*-134?
4
Let m(o) = -18*o + 1. What is the hundreds digit of m(-23)?
4
Suppose 0*j = -3*v - 4*j, -3*v = -4*j. Suppose -3*r - 2*q = -v*q - 62, -2*q - 64 = -4*r. What is the tens digit of r?
1
Let t(a) be the first derivative of 5*a**2/2 + 3*a + 3. Let n = 40 + -37. What is the tens digit of t(n)?
1
Suppose -12*d = -10*d - 24. Let g be -119 - (-3)/(9/d). What is the units digit of 2/(-6)*(g + -8)?
1
Suppose 1992 = 42*z - 46*z. What is the units digit of (z/(-15))/((-6)/(-15))?
3
Suppose -2*g - 2686 = -5*m + 1040, 5*m = g + 3728. What is the units digit of m?
6
Suppose -2*k + 8 = -12. What is the tens digit of k/30 + (-74)/(-3)?
2
Suppose -n + 2*b = -3, -n - 12*b = -15*b - 4. What is the tens digit of -2 + n + 86 + 0?
8
Let t(f) = 3*f**3 + 5*f**2 + 2*f + 8. What is the units digit of t(5)?
8
Suppose -2*n = 4*h - 151 - 363, -3*n = -2*h - 795. What is the hundreds digit of n?
2
Suppose 0 = -3*r - r. Let z(n) = -n**3 + 1 - 2*n**2 - 6*n + r*n - 5*n**2. What is the units digit of z(-7)?
3
Suppose 35*d - 3145 - 2000 = 0. What is the tens digit of d?
4
What is the units digit of (-2 - 24/(-14))/(17/(-12733))?
4
Let a = 22 - 20. Suppose -a*n - 3*l + 66 = 0, -2*l - 146 = 2*n - 7*n. What is the tens digit of n?
3
Let o(l) = 4*l - 2. Let y(x) = -x**2 - 8*x + 12. Let h be y(-9). Suppose -2*r + 3*j - 12 = -5*r, h*r - 27 = 2*j. What is the units digit of o(r)?
6
Suppose -r - 5*u = -9, 2*r = -r - 3*u + 3. What is the tens digit of (-10)/(-45)*r - (-497)/9?
5
Let f(m) = m**3 + 12*m**2 - 16*m + 12. What is the tens digit of f(-11)?
0
Let x(d) = -3*d**2 - 9*d + 11. Let s be x(-8). Let y = s - -209. What is the units digit of y?
0
Suppose -q - 1 = 0, 2*q - 43 = -5*m - 0*q. Let f = 51 - 39. Let s = f - m. What is the units digit of s?
3
Let n = -30 + 38. Suppose 14*y - 534 = n*y. What is the units digit of y?
9
Let r be 14 + -1 - (2 - 2). Let f be (-1 - 12)/(r/715). What is the units digit of f/(-20) + (-2)/(-8)?
6
Let v be (30/6)/(2 + -1). Let z(u) = 2*u**2 + 11*u + 2. What is the hundreds digit of z(v)?
1
Let s = -45 - -378. What is the tens digit of s?
3
Suppose -4*v + 5*y + 1706 = 0, -3*v + 4*v - 5*y = 434. What is the tens digit of v?
2
Let g(s) = 574*s**2 + 99*s + 195. What is the units digit of g(-2)?
3
Let w be (5 + (-184)/16)*(-1 + -17). Let r = -62 + w. What is the units digit of r?
5
Let n(k) = -48*k**3 + 2*k**2 + 12*k + 43. What is the hundreds digit of n(-4)?
0
Let h(c) = c - 1. Suppose q + 4*t + 12 + 3 = 0, 0 = 4*q + t. Let l be h(q). Suppose 0 = -l*i + 5*i - 30. What is the units digit of i?
6
Let n(g) = g**3 - 9*g**2 + 27*g + 37. What is the thousands digit of n(14)?
1
Let w = 32 + -17. Let h be (-2)/3 + (-20)/w. Let j(d) = -2*d**3 - 2*d**2 - 3*d - 3. What is the units digit of j(h)?
1
Let h(x) = x**3 - 6*x**2 + 4*x + 10. Let k be h(5). Let a(t) = 5*t**3 - 3*t**3 - t**2 + k*t**2 - 3*t**3. What is the units digit of a(2)?
8
Let n(o) be the first derivative of 9*o**2/2 + 2*o + 25. Suppose 3*p - 24 = -p. What is the units digit of n(p)?
6
Let d be (2 + 4 - 3) + 0. Suppose -1 + d = c. What is the tens digit of 47 + c + (-3 - -1)?
4
Let w = -50 + 50. Let v(h) = -h**3 + h + 79. What is the units digit of v(w)?
9
What is the units digit of 13*2028/(-8)*4/(-6)?
7
Suppose 5*f = 3*f. Suppose -3*q + 19 + 8 = f. What is the units digit of q?
9
Let v = 34 - 31. Suppose 5*z = -u + 415, -2*u + 121 = v*z - 128. What is the 